 1 + 3*n**2 - 5*n + n**2. What is the remainder when 97 is divided by y(4)?
9
Suppose g = -2, -5*d = -d + g - 62. Suppose 3*k + 2*i = 6*i + 115, 2*k - 5*i - 65 = 0. What is the remainder when k is divided by d?
13
Let t(r) = r**2 - 10*r + 34. Let y(v) = 2*v + 1. Let f be y(2). What is the remainder when 61 is divided by t(f)?
7
Let j = 42 - 59. Let p = -5 - j. Calculate the remainder when (-1 - -1) + 63/3 is divided by p.
9
Let d = 24 + -27. Let h be d + 7/1 + 0. Suppose -2*b = h - 8. Calculate the remainder when 3 is divided by b.
1
Let o be (272/20 + -4)*5. Suppose 4*k + o = 4*t, 3*k + 1 = -8. Suppose -s = -62 - t. Calculate the remainder when s is divided by 24.
23
Suppose -27*q + 20*q = -413. What is the remainder when q is divided by 9?
5
Let w = -583 + 589. What is the remainder when 340 is divided by w?
4
Suppose 3*i - 174 = -3*h - 0*i, 2*i = h - 46. Let q = h + 10. Calculate the remainder when q is divided by 17.
13
Suppose -5*k + 15 = 45. Suppose -z + 5*g - 5 = 0, -2*z - 1 + 21 = 5*g. Calculate the remainder when 9/k*(-70)/15 is divided by z.
2
Let y = 64 - -3. Let f = y + -47. Let w(q) = q**2 + 2*q - 11. What is the remainder when w(-8) is divided by f?
17
Let k = -2 + -8. Let c = k - -22. Calculate the remainder when 58 is divided by c.
10
Suppose -c = -5, b - 4*c + 0*c = 946. What is the remainder when b is divided by 51?
48
Suppose 42 - 2 = 4*w. Let l(s) = 11*s + 2. What is the remainder when l(1) is divided by w?
3
Let h be 4*-2*3/6. What is the remainder when 44 is divided by (-4 - -3)*h + 11?
14
Suppose 2*a - 10 = -4*s, 6 = -2*a + 3*s + 9. Suppose 5*o - 4*o + 2 = y, 3*y + a*o - 36 = 0. What is the remainder when 17 is divided by y?
3
Let r be (0 + -3 - -18)*(-6)/(-10). Suppose r*d = 2*d + 448. Calculate the remainder when d is divided by 13.
12
Let t(v) = v**3 + 22*v**2 - 25*v - 41. What is the remainder when t(-23) is divided by 1?
0
Suppose 0*a = 2*a - 10. Suppose 0 = a*c - 0*c - 125. Let d(t) = -2*t - 5. What is the remainder when c is divided by d(-7)?
7
Suppose 0 = -3*z, 9*j + 2*z - 244 = 5*j. What is the remainder when 239 is divided by j?
56
Let y = 98 + -36. Let c = -541 + 562. Calculate the remainder when y is divided by c.
20
Suppose 0*c = 2*c - 40. What is the remainder when c is divided by -1*((-6)/3 + -10)?
8
Suppose -2*y + 6*y - 24 = 0. Suppose -d = 5*f - 18, 3*f + 9 = d - 25. Suppose -d - 5 = -3*n. What is the remainder when n is divided by y?
5
What is the remainder when 3*47/2*2 is divided by 4/((-48)/(-135)) + 3/(-12)?
9
Let t = -5 + 31. Suppose t*r = 23*r + 90. Calculate the remainder when 117 is divided by r.
27
Let m = 271 + -236. Calculate the remainder when 53 is divided by m.
18
Let a(y) = -y**2 - 4*y - 3. Let u be a(-3). Suppose -25 = -5*f, 2*l = -u*l - f + 37. Let o = -31 - -40. Calculate the remainder when l is divided by o.
7
Suppose -q + 749 = -67. Calculate the remainder when q is divided by 19.
18
Let p(o) = -52*o - 1. Let s(z) = 15*z + 3. Let w be s(3). Let n = w + -30. Calculate the remainder when p(-1) is divided by n.
15
Suppose 3*l = -k + 89, -4*l = l. What is the remainder when k is divided by 46?
43
Suppose 4*k + 0*k - 20 = 0, -4*k = 5*s - 115. Calculate the remainder when s is divided by ((-100)/(-60))/((-1)/(-3)).
4
Suppose -5*k + 25 = 5*t - 20, -11 = -3*t + 5*k. Calculate the remainder when 34 is divided by t.
6
Suppose 1645 = 14*h - 483. What is the remainder when h is divided by 18?
8
Let r = -48 - -63. Suppose -r*z = -8*z - 35. Let v(d) = -d + 11. Calculate the remainder when v(0) is divided by z.
1
What is the remainder when (42/63)/((-2)/(-210)) is divided by 25?
20
Let c(y) = 6*y - 3. Calculate the remainder when (44/18)/((35/(-63))/(-5)) is divided by c(3).
7
Let y = -265 - -451. Let x = y + -129. Calculate the remainder when x is divided by 29.
28
Let x be (-6)/(-27) - (-426)/27. Let n(f) = f**3 - 15*f**2 - 15*f - 6. Let w be n(x). Calculate the remainder when (136/w)/(4/10) is divided by 9.
7
Suppose u - 12 + 2 = 0. Suppose u*k = 12*k - 8. What is the remainder when 6/(-3) + (-17)/(-1) is divided by k?
3
Calculate the remainder when 3 - -1 - 2 - (-236 - 28) is divided by 27.
23
Suppose 4*f = 5*c + 68, 5*c + 34 = -3*f + 5*f. What is the remainder when 542 is divided by f?
15
What is the remainder when 53 is divided by (9 - 2) + (15 - -1)?
7
Suppose -2*x = -4*u + 1386, -2*x + 344 = -6*u + 7*u. What is the remainder when u is divided by 29?
27
Let p(v) = v**2 + 4*v + 2. Calculate the remainder when p(-7) is divided by 2*(-5)/(-10)*10.
3
Let l(d) = -d + 31. Calculate the remainder when l(0) is divided by 13.
5
Suppose 0 = 5*p - 8 - 7, 15 = -o + p. What is the remainder when 31 is divided by (o/10)/(-3) + 76/10?
7
Suppose 0 = -2*h - 0*h + 472. Let w = h + -138. Calculate the remainder when w is divided by 25.
23
Suppose -3*m + 327 = f, -f - m + 1264 = 3*f. Suppose 4*g - f = 153. Calculate the remainder when g is divided by 30.
27
Let j(o) = o**3 + 9*o**2 + 7*o + 3. Calculate the remainder when j(-4) is divided by 41.
14
Let n(t) = -t**3 - 13*t**2 - 58*t + 3. Calculate the remainder when n(-10) is divided by 95.
93
Suppose 0 = 2*o - 298 + 180. Suppose 4*c = 2*d - 60, -d + 3*c = -15 - 18. Calculate the remainder when o is divided by d.
11
Suppose -5*s + 43 = -402. Calculate the remainder when s is divided by 9.
8
Let o(t) = -t**2 + 147*t + 928. What is the remainder when 109/3 - (-2)/(-6) is divided by o(-6)?
6
Calculate the remainder when ((-106)/(-2) - 9)*108/16 is divided by 42.
3
Suppose 0 = -2*g - 7*g + 297. Suppose -9*u = -6*u - g. Calculate the remainder when -48*(8/(-6))/2 is divided by u.
10
Let t = 18 + -10. Let l(s) = s**2 - 10*s + 7. Let b be l(t). Let o = 22 + b. Calculate the remainder when 38 is divided by o.
12
Suppose 3*n + 4*z - 1070 = 462, 0 = -2*n - 2*z + 1024. Suppose -3*p + 6*p - n = 0. Suppose -11*x + 7*x = -p. Calculate the remainder when x is divided by 11.
10
Let h(m) = 267*m + 77. Calculate the remainder when h(1) is divided by 15.
14
Let m(y) = 6*y + 104. What is the remainder when 80 is divided by m(-13)?
2
Let i = -144 + 294. Calculate the remainder when i is divided by 39.
33
Suppose 4142 - 842 = 60*d. Suppose 0 = 2*i - 23 - 7. Calculate the remainder when d is divided by i.
10
Suppose -2*d + 44 = 3*l, 4*l - 5*d - 6 = 91. Suppose -4*j = 8, -5*o + 2*j + 345 = -14. Calculate the remainder when o is divided by l.
17
Let v(r) = -3*r - 95. What is the remainder when 472 is divided by v(-40)?
22
Let b = -939 - -977. What is the remainder when 105 is divided by b?
29
Let o(l) = l**2 - l + 1. Let r be (0 - 2)/(6/9). Let j be (r + 1)*1 - -5. Calculate the remainder when o(j) is divided by 3.
1
Suppose -3*t + 3*q - 2*q = -112, -4*t + 3*q = -141. Suppose 4*a = a + t. What is the remainder when 50 is divided by a?
11
Suppose 4738*p = 4728*p + 1000. Calculate the remainder when p is divided by 1.
0
Let i = -40 - -78. Calculate the remainder when i is divided by 14.
10
Let w be 15/(-2) - 4/8. Let x = -12 - w. What is the remainder when 14 is divided by (-1 + x)/(10/(-10))?
4
Let p = -66 + 69. Suppose -2*a - 2*l = -18, 0 = -p*a - 3*l + 8*l + 35. What is the remainder when 17 is divided by a?
7
Suppose 2*q + a + 6 = 19, 5*a = q - 23. Suppose -7*d - 111 = -q*d. What is the remainder when d is divided by 14?
13
Suppose 4*n + 3 - 19 = 0. Suppose -m - 8 = -2*w - 0*w, 12 = 3*w + n*m. Calculate the remainder when 30 is divided by w.
2
Let a = 585 - 462. Calculate the remainder when a is divided by 32.
27
Let b(a) = -2*a. Let d be b(-3). Suppose -d*f + 85 = -f. Suppose f = h - 45. What is the remainder when h is divided by 16?
14
Let d = -81 + 84. What is the remainder when 15 is divided by (9 - (d - 2)) + -3?
0
Let f = -27 - -48. Suppose 5*h = -5*s + 100, 0*s = 3*h - 2*s - 50. Calculate the remainder when ((-7)/f)/(197/99 + -2) is divided by h.
15
Let f be (34 - (-6 - -6))*(-2)/(-4). Calculate the remainder when (-14)/14*f*-2 is divided by 13.
8
Let m(t) be the third derivative of 3/20*t**5 + 0*t**3 + 0*t + 0 - 1/24*t**4 - 2*t**2. Calculate the remainder when m(-1) is divided by 6.
4
Let t(q) = q**2 + 5*q - 2. What is the remainder when ((-77)/22)/((-2)/12) is divided by t(-6)?
1
Let f(h) = h**2 - 22*h. Calculate the remainder when 527 is divided by f(24).
47
Calculate th